git of 7812129?
1
What is the ten thousands digit of 17254113?
5
What is the units digit of 211259?
9
What is the ten thousands digit of 10966841?
6
What is the ten thousands digit of 13877579?
7
What is the ten thousands digit of 363525?
6
What is the units digit of 575595?
5
What is the millions digit of 1056625?
1
What is the ten thousands digit of 12155909?
5
What is the hundred thousands digit of 23068020?
0
What is the units digit of 529944?
4
What is the tens digit of 215556?
5
What is the units digit of 1771534?
4
What is the millions digit of 4090197?
4
What is the units digit of 504533?
3
What is the hundreds digit of 176681?
6
What is the thousands digit of 78267?
8
What is the hundreds digit of 15127376?
3
What is the thousands digit of 23627?
3
What is the ten thousands digit of 3343146?
4
What is the hundred thousands digit of 925024?
9
What is the ten thousands digit of 229722?
2
What is the hundred thousands digit of 7396717?
3
What is the units digit of 836560?
0
What is the ten thousands digit of 1494697?
9
What is the ten thousands digit of 4156881?
5
What is the hundreds digit of 466509?
5
What is the tens digit of 64550?
5
What is the millions digit of 2671856?
2
What is the hundred thousands digit of 9036527?
0
What is the units digit of 1232545?
5
What is the millions digit of 1963439?
1
What is the thousands digit of 391356?
1
What is the ten thousands digit of 257185?
5
What is the hundreds digit of 417747?
7
What is the ten thousands digit of 218165?
1
What is the units digit of 10447928?
8
What is the hundreds digit of 36079?
0
What is the units digit of 449482?
2
What is the units digit of 99111?
1
What is the units digit of 11613915?
5
What is the hundred thousands digit of 3126521?
1
What is the units digit of 306243?
3
What is the units digit of 3398727?
7
What is the tens digit of 68398?
9
What is the hundreds digit of 323563?
5
What is the ten thousands digit of 333293?
3
What is the thousands digit of 774803?
4
What is the hundreds digit of 331736?
7
What is the hundreds digit of 3920810?
8
What is the ten thousands digit of 357481?
5
What is the units digit of 2559687?
7
What is the thousands digit of 3611026?
1
What is the hundreds digit of 339618?
6
What is the units digit of 1003009?
9
What is the millions digit of 10670680?
0
What is the thousands digit of 5465709?
5
What is the ten thousands digit of 1524716?
2
What is the tens digit of 1309346?
4
What is the ten thousands digit of 1331436?
3
What is the units digit of 10098561?
1
What is the units digit of 218299?
9
What is the tens digit of 3367929?
2
What is the ten thousands digit of 575236?
7
What is the thousands digit of 656950?
6
What is the hundred thousands digit of 894970?
8
What is the thousands digit of 5794164?
4
What is the millions digit of 3108209?
3
What is the ten thousands digit of 72668?
7
What is the millions digit of 1422366?
1
What is the tens digit of 474342?
4
What is the hundred thousands digit of 271709?
2
What is the ten millions digit of 18919233?
1
What is the ten thousands digit of 408240?
0
What is the hundreds digit of 254316?
3
What is the ten thousands digit of 858290?
5
What is the hundreds digit of 2091980?
9
What is the thousands digit of 6198465?
8
What is the millions digit of 1055963?
1
What is the hundreds digit of 196620?
6
What is the thousands digit of 11210787?
0
What is the hundreds digit of 14793878?
8
What is the tens digit of 34932?
3
What is the units digit of 926678?
8
What is the units digit of 549642?
2
What is the tens digit of 257014?
1
What is the ten thousands digit of 918615?
1
What is the hundred thousands digit of 110881?
1
What is the units digit of 352558?
8
What is the hundreds digit of 1167891?
8
What is the hundreds digit of 289128?
1
What is the thousands digit of 11282979?
2
What is the tens digit of 41?
4
What is the ten thousands digit of 2731723?
3
What is the ten thousands digit of 593555?
9
What is the tens digit of 16482748?
4
What is the hundred thousands digit of 3661191?
6
What is the millions digit of 7339057?
7
What is the ten thousands digit of 178068?
7
What is the units digit of 2933201?
1
What is the thousands digit of 5402687?
2
What is the millions digit of 1420908?
1
What is the hundred thousands digit of 479360?
4
What is the hundreds digit of 2516484?
4
What is the ten millions digit of 27443169?
2
What is the units digit of 2820082?
2
What is the hundreds digit of 1766632?
6
What is the thousands digit of 77773?
7
What is the tens digit of 4779945?
4
What is the tens digit of 2482763?
6
What is the ten thousands digit of 216929?
1
What is the millions digit of 1151547?
1
What is the tens digit of 18709304?
0
What is the tens digit of 26852731?
3
What is the thousands digit of 855114?
5
What is the units digit of 342042?
2
What is the hundreds digit of 1544565?
5
What is the thousands digit of 8456823?
6
What is the tens digit of 3805703?
0
What is the thousands digit of 224454?
4
What is the thousands digit of 334372?
4
What is the millions digit of 4462048?
4
What is the ten thousands digit of 1303627?
0
What is the millions digit of 5836553?
5
What is the ten thousands digit of 1358882?
5
What is the ten thousands digit of 7766577?
6
What is the thousands digit of 254054?
4
What is the units digit of 59247?
7
What is the hundreds digit of 103212?
2
What is the hundred thousands digit of 230162?
2
What is the millions digit of 1073947?
1
What is the tens digit of 496334?
3
What is the ten thousands digit of 18817315?
1
What is the units digit of 2810062?
2
What is the ten thousands digit of 2428298?
2
What is the ten thousands digit of 5433288?
3
What is the tens digit of 3024536?
3
What is the ten thousands digit of 45197?
4
What is the thousands digit of 1173823?
3
What is the thousands digit of 377194?
7
What is the units digit of 40863?
3
What is the hundreds digit of 1525330?
3
What is the tens digit of 28745?
4
What is the ten thousands digit of 733817?
3
What is the units digit of 129022?
2
What is the tens digit of 5291?
9
What is the units digit of 28498630?
0
What is the thousands digit of 744475?
4
What is the hundred thousands digit of 219837?
2
What is the ten millions digit of 13928869?
1
What is the units digit of 145274?
4
What is the millions digit of 8733717?
8
What is the hundreds digit of 269771?
7
What is the ten thousands digit of 560048?
6
What is the hundred thousands digit of 920111?
9
What is the thousands digit of 93138?
3
What is the hundreds digit of 3209669?
6
What is the tens digit of 15647943?
4
What is the ten thousands digit of 250092?
5
What is the units digit of 4626051?
1
What is the ten thousands digit of 21485124?
8
What is the hundreds digit of 71297?
2
What is the units digit of 3412253?
3
What is the millions digit of 6565445?
6
What is the hundred thousands digit of 199457?
1
What is the hundreds digit of 34406659?
6
What is the ten thousands digit of 448132?
4
What is the tens digit of 95144?
4
What is the tens digit of 13791831?
3
What is the hundred thousands digit of 1881955?
8
What is the units digit of 403717?
7
What is the units digit of 377262?
2
What is the ten thousands digit of 213811?
1
What is the hundreds digit of 82955?
9
What is the hundred thousands digit of 652619?
6
What is the thousands digit of 168832?
8
What is the millions digit of 1598575?
1
What is the thousands digit of 8117747?
7
What is the units digit of 183032?
2
What is the tens digit of 1773789?
8
What is the hundreds digit of 233885?
8
What is the thousands digit of 2355451?
5
What is the tens digit of 6390?
9
What is the ten thousands digit of 14864528?
6
What is the ten thousands digit of 467615?
6
What is the ten thousands digit of 11195505?
9
What is the tens digit of 9304808?
0
What is the units digit of 41375?
5
What is the ten millions digit of 19226333?
1
What is the tens digit of 4165493?
9
What is the hundred thousands digit of 1166498?
1
What is the hundreds digit of 151756?
7
What is the thousands digit of 8869145?
9
What is the units digit of 2745055?
5
What is the tens digit of 526664?
6
What is the hundred thousands digit of 121126?
1
What is the thousands digit of 7302605?
2
What is the hundred thousands digit of 300576